hat is the hundreds digit of 35770?
7
What is the hundreds digit of 12136?
1
What is the hundreds digit of 3682?
6
What is the thousands digit of 4096?
4
What is the units digit of 1223?
3
What is the units digit of 1817?
7
What is the hundreds digit of 728?
7
What is the units digit of 45045?
5
What is the units digit of 2149?
9
What is the hundreds digit of 770?
7
What is the tens digit of 2146?
4
What is the hundreds digit of 19287?
2
What is the tens digit of 4849?
4
What is the units digit of 89?
9
What is the thousands digit of 106207?
6
What is the tens digit of 316?
1
What is the thousands digit of 3129?
3
What is the hundreds digit of 40444?
4
What is the ten thousands digit of 11439?
1
What is the units digit of 693?
3
What is the units digit of 4468?
8
What is the tens digit of 805?
0
What is the units digit of 22168?
8
What is the thousands digit of 11248?
1
What is the hundreds digit of 788?
7
What is the units digit of 1073?
3
What is the hundreds digit of 1044?
0
What is the units digit of 85?
5
What is the units digit of 789?
9
What is the units digit of 6693?
3
What is the units digit of 25725?
5
What is the units digit of 865?
5
What is the thousands digit of 92588?
2
What is the hundreds digit of 8707?
7
What is the tens digit of 99?
9
What is the thousands digit of 113715?
3
What is the units digit of 143?
3
What is the thousands digit of 9277?
9
What is the tens digit of 164?
6
What is the units digit of 1641?
1
What is the tens digit of 8014?
1
What is the tens digit of 758?
5
What is the tens digit of 1340?
4
What is the tens digit of 16573?
7
What is the tens digit of 6199?
9
What is the thousands digit of 13714?
3
What is the hundreds digit of 2833?
8
What is the tens digit of 85?
8
What is the hundreds digit of 9945?
9
What is the thousands digit of 8193?
8
What is the thousands digit of 4615?
4
What is the hundreds digit of 21010?
0
What is the units digit of 505?
5
What is the thousands digit of 1650?
1
What is the tens digit of 80405?
0
What is the hundreds digit of 53158?
1
What is the units digit of 830?
0
What is the units digit of 21783?
3
What is the ten thousands digit of 10216?
1
What is the tens digit of 160?
6
What is the units digit of 1937?
7
What is the thousands digit of 35261?
5
What is the units digit of 1564?
4
What is the tens digit of 6823?
2
What is the ten thousands digit of 24448?
2
What is the units digit of 5348?
8
What is the ten thousands digit of 10733?
1
What is the hundreds digit of 364?
3
What is the thousands digit of 2775?
2
What is the tens digit of 751?
5
What is the hundreds digit of 11534?
5
What is the hundreds digit of 1845?
8
What is the hundreds digit of 19530?
5
What is the hundreds digit of 5148?
1
What is the tens digit of 3971?
7
What is the tens digit of 5144?
4
What is the tens digit of 2342?
4
What is the hundreds digit of 2185?
1
What is the tens digit of 19024?
2
What is the hundreds digit of 1637?
6
What is the hundreds digit of 36281?
2
What is the thousands digit of 10828?
0
What is the units digit of 1245?
5
What is the hundreds digit of 33983?
9
What is the ten thousands digit of 188572?
8
What is the tens digit of 1123?
2
What is the tens digit of 1195?
9
What is the units digit of 539?
9
What is the ten thousands digit of 59775?
5
What is the ten thousands digit of 29234?
2
What is the units digit of 12726?
6
What is the tens digit of 36988?
8
What is the thousands digit of 8158?
8
What is the hundreds digit of 1530?
5
What is the units digit of 2371?
1
What is the hundreds digit of 2540?
5
What is the units digit of 9273?
3
What is the thousands digit of 2028?
2
What is the hundreds digit of 48827?
8
What is the tens digit of 389?
8
What is the hundreds digit of 738?
7
What is the units digit of 4599?
9
What is the tens digit of 2704?
0
What is the units digit of 5976?
6
What is the hundreds digit of 29013?
0
What is the hundred thousands digit of 195762?
1
What is the thousands digit of 26279?
6
What is the thousands digit of 2156?
2
What is the tens digit of 2456?
5
What is the units digit of 3533?
3
What is the hundreds digit of 4966?
9
What is the tens digit of 858?
5
What is the hundreds digit of 159?
1
What is the tens digit of 11862?
6
What is the hundreds digit of 18077?
0
What is the hundreds digit of 77595?
5
What is the ten thousands digit of 17465?
1
What is the tens digit of 5664?
6
What is the units digit of 13572?
2
What is the ten thousands digit of 15477?
1
What is the units digit of 9152?
2
What is the hundreds digit of 429?
4
What is the units digit of 14202?
2
What is the hundreds digit of 71820?
8
What is the hundreds digit of 1050?
0
What is the units digit of 20304?
4
What is the thousands digit of 7637?
7
What is the hundreds digit of 1435?
4
What is the hundreds digit of 483?
4
What is the thousands digit of 2037?
2
What is the tens digit of 304?
0
What is the units digit of 6399?
9
What is the hundreds digit of 8962?
9
What is the hundreds digit of 2616?
6
What is the units digit of 1177?
7
What is the tens digit of 6397?
9
What is the thousands digit of 59439?
9
What is the hundreds digit of 20457?
4
What is the tens digit of 25927?
2
What is the tens digit of 3046?
4
What is the units digit of 111867?
7
What is the thousands digit of 1210?
1
What is the tens digit of 602?
0
What is the thousands digit of 139393?
9
What is the hundreds digit of 76833?
8
What is the tens digit of 61669?
6
What is the tens digit of 76458?
5
What is the units digit of 5066?
6
What is the hundreds digit of 4060?
0
What is the hundreds digit of 342?
3
What is the units digit of 44433?
3
What is the hundreds digit of 80907?
9
What is the tens digit of 31030?
3
What is the hundreds digit of 6278?
2
What is the hundreds digit of 12190?
1
What is the thousands digit of 2388?
2
What is the tens digit of 8411?
1
What is the tens digit of 4265?
6
What is the tens digit of 4133?
3
What is the hundreds digit of 43469?
4
What is the tens digit of 48276?
7
What is the tens digit of 3898?
9
What is the ten thousands digit of 153574?
5
What is the tens digit of 490?
9
What is the tens digit of 6662?
6
What is the hundreds digit of 104?
1
What is the units digit of 30517?
7
What is the thousands digit of 2371?
2
What is the units digit of 6710?
0
What is the tens digit of 869?
6
What is the hundreds digit of 1134?
1
What is the tens digit of 3871?
7
What is the tens digit of 1458?
5
What is the thousands digit of 1096?
1
What is the hundreds digit of 3377?
3
What is the thousands digit of 14482?
4
What is the hundreds digit of 188588?
5
What is the units digit of 763?
3
What is the tens digit of 89111?
1
What is the units digit of 11156?
6
What is the tens digit of 13609?
0
What is the units digit of 1546?
6
What is the tens digit of 2297?
9
What is the thousands digit of 56154?
6
What is the units digit of 1663?
3
What is the tens digit of 180?
8
What is the hundreds digit of 1279?
2
What is the hundreds digit of 2150?
1
What is the units digit of 56211?
1
What is the hundreds digit of 2287?
2
What is the hundreds digit of 3177?
1
What is the hundreds digit of 100267?
2
What is the hundreds digit of 102477?
4
What is the hundred thousands digit of 127505?
1
What is the hundreds digit of 758?
7
What is the units digit of 161207?
7
What is the hundreds digit of 7441?
4
What is the hundreds digit of 95561?
5
What is the units digit of 5326?
6
What is the tens digit of 50674?
7
What is the ten thousands digit of 19677?
1
What is the tens digit of 8038?
3
What is the thousands digit of 12242?
2
What is the tens digit of 448?
4
What is the tens digit of 1868?
6
What is the tens digit of 2797?
9
What is the tens digit of 62?
6
What is the tens digit of 2126?
2
What is the tens digit of 3532?
3
What is the hundreds digit of 11282?
2
What is the thousands digit of 6977?
6
What is the units digit of 17581?
1
What is the hundreds digit of 1276?
2
What is the tens digit of 1891?
9
What is the thousands digit of 36049?
6
What is the ten thousands digit of 10526?
1
What is the hundreds digit of 1674?
6
What is the hundreds digit of 4611?
6
What is the hundreds digit of 10167?
1
What is the tens digit of 10988?
8
What is the thousands digit of 17522?
7
What is the hundreds digi